/(-8). What is the greatest common factor of 3 and t?
3
Let j = 25 - 5. Suppose -a + 159 = -61. Calculate the greatest common divisor of a and j.
20
Suppose 15*t = 6*t + 684. Let c = t - 28. What is the greatest common factor of 32 and c?
16
Suppose -3*x = -6 - 45. Let h = 159 + -142. What is the greatest common factor of x and h?
17
Let v = 960 - 1416. Let z = v + 818. Suppose -z = -7*a + 58. What is the greatest common factor of 12 and a?
12
Suppose -9*g + 24*g = 330. Let i(t) = -t + 13. Let w be i(11). Suppose -4*r - w = 2, -r - 265 = -4*p. What is the greatest common factor of g and p?
22
Let a(m) be the first derivative of -m**3/3 + 5*m**2 - 15*m + 5. Let j be a(7). What is the greatest common factor of 6 and j?
6
Suppose l - 5*n = 24, -3*l + 5*n - 3*n + 137 = 0. Let y = l - 13. Suppose 2*q - 33 = -3*q - 4*i, -i = -5*q + 48. What is the highest common divisor of q and y?
9
Let w = -102 - -840. What is the greatest common divisor of 82 and w?
82
Let y(p) = p**3 + 4*p**2 - 16*p + 5. Let k be y(-5). What is the highest common factor of 15 and k?
15
Let p be (-6)/3 + 0 + 5. Suppose -5*v + 7 = -3*d, -v - v - 1 = -5*d. Let b be (2 - d)*6 + -3. What is the greatest common factor of p and b?
3
Suppose 8550 = 15*i + 42*i. What is the highest common factor of 30 and i?
30
Let w be 9/(((-99)/6)/(-11)). Let f be w/(-4) + (-105)/(-6). Calculate the highest common divisor of 144 and f.
16
Let g(l) = 2*l**2 - 3*l + 6. Let b be g(6). Suppose -t + 6 = -b. Suppose 4*z - 24 = 2*z + 3*k, -5*k - 20 = 0. Calculate the highest common factor of z and t.
6
Let t(c) = 12*c**3 - 1. Let z be t(-1). Let s(x) = x**3 + 14*x**2 + 12*x + 11. Let q be s(z). What is the highest common factor of 36 and q?
12
Let a(h) = 3*h**2 + 8*h - 9. Let o = 29 + -38. Let x be a(o). What is the greatest common divisor of 18 and x?
18
Let b = 11 + -1. Let x be ((-90)/24)/(78/(-104)). What is the highest common factor of b and x?
5
Let p(h) = -h**3 - 4*h**2 + h - 5. Let x be p(-5). Let v(k) = -k + 83. Let q be v(23). Calculate the highest common factor of x and q.
15
Suppose 5*k - 2*z - 4 = 0, 4*k = -0*k - 3*z + 17. Let g be (9/k)/(60/320). What is the highest common divisor of 6 and g?
6
Suppose 3*v + 3*f + 9 + 9 = 0, 23 = -4*v - 3*f. Let m = -1 - v. Let z be 1*-18*(-10)/m. Calculate the greatest common divisor of z and 15.
15
Let z be (46/4)/(3/(-6)). Let f = -19 - z. Suppose 101 - 5 = f*n. What is the greatest common factor of n and 60?
12
Suppose 0 = 140*v - 143*v - 303. Let n = 109 + v. Suppose 5*m - 39 = 1. Calculate the highest common divisor of n and m.
8
Suppose i = m - 3*m + 2, 5*m = -2*i + 6. Let n = 22 + m. Let s be 18*-3*2/(-3). Calculate the greatest common factor of s and n.
12
Let c = 70 + -31. Suppose 5*i + c = 464. Let g = -73 - -107. Calculate the highest common divisor of i and g.
17
Let x be 593/7 + (-18)/(-63). Let f = x + -48. Suppose 2*d + 2*i = d + 13, -3*i + f = 5*d. Calculate the highest common divisor of 5 and d.
5
Let k(x) be the second derivative of -x**4/12 - 3*x**3/2 + 2*x**2 + 30*x. Let t be k(-8). Calculate the greatest common divisor of t and 48.
12
Suppose -5*p + z + 65 = 0, 3*z + z - 4 = -2*p. What is the greatest common factor of p and 2748?
12
Let t = 1445 - 1302. What is the highest common divisor of t and 165?
11
Suppose 6*i - 3*i = -63. Let w be 6/(-2) - 36/1. Let s = i - w. Calculate the greatest common factor of 2 and s.
2
Suppose -a - 2 = 2*n - 6, 0 = -3*n + 4*a - 16. Suppose h - 73 + 1 = n. Calculate the highest common divisor of 24 and h.
24
Let f be (100/6)/((-18)/27). Let s = -13 - f. Calculate the greatest common factor of s and 3.
3
Suppose 2*t + 6 = 3*x, 4*t - x - 12 = 6. Suppose -2*u = -4*c + u + 33, 2*c - 18 = 2*u. What is the greatest common divisor of t and c?
6
Let d be (-14)/21*-15 - -422. What is the highest common factor of 48 and d?
48
Let b(a) = -a**3 - 5*a**2 - 5*a + 6. Let g(h) = -h**3 - 9*h**2 - 6*h + 11. Let y be g(-8). Let z be b(y). What is the greatest common factor of 217 and z?
31
Suppose -14 = 3*q - 2*a + 186, 1 = a. Let w = 77 + q. Calculate the greatest common factor of w and 121.
11
Let u = 2066 + -2058. Suppose -286 = 5*c + 4*v + 405, 0 = 3*c + 2*v + 413. Let p = -47 - c. Calculate the greatest common divisor of p and u.
8
Let a(f) = -4*f. Let v be a(-4). Suppose -5*n + 2*x + 408 = 0, 2*n + 18*x - 144 = 14*x. Calculate the highest common divisor of n and v.
16
Let f(n) = n**2 + n. Let k(a) = -a**3 + 4*a**2 + 4*a. Let c(q) = 4*f(q) - k(q). Let b be c(2). Calculate the greatest common factor of b and 8.
8
Let s be (-2)/1*((-3315)/(-10))/(-13). Suppose 0 = -k - 2*k + 3*v + 39, 5*v - 20 = 0. Calculate the greatest common factor of s and k.
17
Let s(w) = -w**2 + 20*w - 23. Let d be s(13). Let p(q) = q + 8. Let i be p(-4). What is the greatest common factor of d and i?
4
Suppose p - 2*p = -68. Let v be (-15)/(-25) - (-82)/5*1. What is the highest common factor of v and p?
17
Let d be -14 + 41 - 6/2. Suppose -3*w = -d + 12. Let c = 15 - w. Calculate the greatest common factor of 77 and c.
11
Let d = -183 - -185. What is the greatest common factor of 86 and d?
2
Let i(n) = -n**3 + 4*n**2 + 5*n - 5. Let l be i(5). Let k = 0 - l. Suppose k*d - d = 4. Calculate the highest common factor of d and 11.
1
Let d(j) = -j + 14. Let t be d(12). Suppose 4*s - 40 = -4*u, t*u + 11 = 3*s - 4. What is the highest common factor of s and 14?
7
Let j be (2 - 3)*(1 - 2). Let k = 0 + j. Calculate the highest common divisor of k and 9.
1
Suppose -4 - 256 = -5*s. Let y(o) = o**2 + 43*o + 40. Let b be y(-45). Calculate the highest common factor of s and b.
26
Suppose 1050 = 2*j + 3*y, 4*y + 2120 = -16*j + 20*j. Calculate the greatest common factor of 297 and j.
33
Suppose 259*u = 257*u + 234. Calculate the highest common factor of 13 and u.
13
Let l be (-6 - -1)/5 - -676. Calculate the highest common divisor of 54 and l.
27
Let o be (1100/165)/(4/234). What is the highest common divisor of 910 and o?
130
Suppose -5*b - 5*u + 2*u + 158 = 0, 4*u = 2*b - 84. Let x = -22 + b. Calculate the greatest common factor of x and 48.
12
Suppose -a + l = -41, 0 = 5*a + 4*l - 71 - 98. Let m = 82 - a. Let c(g) = g**3 + g + 18. Let b be c(0). Calculate the greatest common factor of b and m.
9
Suppose 2 + 4 = 3*q. Let m(a) = 0 - 2*a + 1 - 2. Let i be m(-3). What is the greatest common divisor of i and q?
1
Suppose -4*o + 2*o + 1722 = 0. Let j be (-1)/(858/o - 1). Suppose 5*b = 707 - j. What is the greatest common factor of 12 and b?
12
Let t = -31 + 17. Let z = 16 + t. Suppose -2 = -4*b + 2*o, 25 = 5*b + 2*o + 3*o. Calculate the highest common factor of b and z.
2
Suppose 3*f = -2*a + 4*a + 15, 3*a + 15 = 3*f. Let v(x) = -x**2 + 26 + 2*x**2 + 111*x - 101*x. Let m be v(-5). What is the highest common factor of m and f?
1
Suppose 0 = 3*u - 8 - 7. Suppose -12*b - u = -13*b. Let v be -2 + (1 - 1) + 3. What is the greatest common factor of v and b?
1
Let x(o) = o**3 - 13*o**2 - 28*o - 21. Let r be x(15). What is the greatest common divisor of 1035 and r?
9
Let w(t) = -2*t**3 - 26 + 0*t**3 + t**3 + 17*t + 10*t**2. Let y be w(11). Calculate the highest common divisor of y and 10.
10
Let b be 115/92 - 22/(-8). Suppose -q - 480 = -3*v - 4*q, 0 = -2*v - b*q + 310. What is the highest common factor of v and 15?
15
Let q = -140 + 180. What is the highest common divisor of q and 60?
20
Let f be 30/35*(-14)/(-3). Suppose -2*y + f*q + 30 = 0, 2*y = 2*q - 1 + 21. Calculate the greatest common factor of 10 and y.
5
Let u = 11 - 9. Suppose 0 = -t - u*t + 12, -a - t = 0. Let r(g) = 9*g**2 + g + 4. Let w be r(a). What is the greatest common factor of 16 and w?
16
Suppose 8*s + 9 + 63 = 0. Let y(t) = 3*t + 29. Let q be y(s). Calculate the greatest common factor of 8 and q.
2
Let q(c) = 3*c. Let m(j) = -j - 2. Let z be m(-1). Let i be q(z). Let p be (-2 - i - 3)*-35. What is the greatest common factor of 14 and p?
14
Let y(f) = -10*f + 210. Let l be y(-31). Calculate the highest common divisor of l and 40.
40
Let b = 14 + 13. Suppose 3*r - 24 = -b. Let j be 2/(r*3/(-24)). Calculate the greatest common factor of j and 32.
16
Suppose 0*b + 3*b = 66. Suppose 3*s = -3*t - 30, -3*t - s = -8*t - 80. Let o = t + b. What is the highest common divisor of o and 56?
7
Let v = 51 + -33. Suppo